the highest common factor of 9126 and 270?
54
Calculate the highest common divisor of 2005 and 155.
5
Calculate the greatest common factor of 17765 and 26809.
323
What is the greatest common factor of 521010 and 3150?
630
What is the greatest common factor of 2318 and 76?
38
What is the greatest common factor of 210160 and 18944?
592
What is the highest common factor of 221 and 34567?
13
What is the greatest common divisor of 3399 and 4389?
33
What is the highest common factor of 345652 and 4?
4
Calculate the greatest common divisor of 494289 and 27.
27
Calculate the greatest common factor of 98 and 3984722.
14
What is the highest common factor of 2295 and 270585?
45
What is the highest common factor of 940582 and 602?
86
What is the greatest common divisor of 60 and 7128?
12
Calculate the greatest common factor of 17672 and 2162.
94
What is the highest common factor of 39 and 136019?
13
What is the greatest common factor of 251 and 30622?
251
Calculate the greatest common divisor of 20 and 527455.
5
What is the highest common factor of 908719 and 8729?
301
What is the highest common divisor of 488495 and 595?
595
What is the highest common divisor of 70958 and 1037?
17
Calculate the highest common factor of 38 and 155002.
38
What is the highest common divisor of 23600 and 390?
10
What is the greatest common divisor of 9 and 34905?
3
Calculate the highest common factor of 10092 and 2320.
116
What is the highest common factor of 17 and 31433?
17
Calculate the highest common divisor of 24454 and 22.
2
Calculate the highest common divisor of 1031103 and 27.
27
What is the greatest common divisor of 324 and 645564?
12
What is the highest common divisor of 605 and 11473?
11
What is the highest common factor of 753 and 2847?
3
Calculate the highest common divisor of 532 and 8120.
28
What is the greatest common factor of 179832 and 5588?
508
What is the highest common factor of 13734 and 168?
42
Calculate the highest common divisor of 287760 and 9240.
1320
What is the highest common divisor of 104 and 17225?
13
Calculate the greatest common factor of 13715 and 52.
13
What is the highest common factor of 15805 and 3190?
145
Calculate the highest common divisor of 27782 and 203.
29
Calculate the highest common factor of 26885 and 3401.
19
What is the greatest common factor of 2227 and 43885?
131
What is the greatest common divisor of 231336 and 595?
119
Calculate the greatest common divisor of 460291 and 26.
13
What is the highest common divisor of 4191395 and 130?
65
What is the greatest common factor of 15 and 55185?
15
What is the greatest common factor of 255 and 6945?
15
Calculate the greatest common divisor of 104 and 2360.
8
Calculate the greatest common divisor of 26200 and 800.
200
What is the greatest common factor of 1801800 and 3510?
1170
What is the greatest common divisor of 25990 and 15481?
113
Calculate the highest common divisor of 327051 and 27.
27
Calculate the greatest common factor of 969 and 16131.
57
What is the highest common factor of 104 and 88933?
13
What is the greatest common factor of 9702 and 35838?
198
What is the greatest common factor of 14790 and 3306?
174
What is the highest common divisor of 540 and 26060?
20
What is the greatest common divisor of 8016 and 208?
16
Calculate the highest common factor of 106 and 127306.
106
Calculate the highest common divisor of 220 and 3815.
5
Calculate the greatest common divisor of 2611 and 3416.
7
Calculate the highest common factor of 5121 and 2979.
9
Calculate the highest common factor of 24 and 19596.
12
What is the highest common divisor of 282637 and 8611?
109
What is the highest common divisor of 11510 and 70?
10
What is the greatest common factor of 187530 and 27730?
470
What is the greatest common divisor of 1834 and 1302?
14
What is the highest common divisor of 78 and 2124798?
78
Calculate the highest common factor of 21275 and 125.
25
Calculate the greatest common factor of 12 and 14420.
4
What is the highest common factor of 324 and 51732?
108
What is the greatest common divisor of 81712 and 48?
16
What is the highest common factor of 147 and 374801?
49
What is the greatest common divisor of 12 and 1103160?
12
What is the greatest common divisor of 41711 and 159?
53
Calculate the highest common divisor of 147756 and 84.
84
Calculate the greatest common factor of 432 and 1278.
18
Calculate the highest common factor of 14761 and 493.
29
Calculate the greatest common factor of 1646696 and 24.
8
What is the greatest common divisor of 130 and 216255?
65
What is the highest common divisor of 55 and 18381?
11
What is the greatest common factor of 5490 and 3305?
5
What is the greatest common factor of 649920 and 120?
120
Calculate the highest common divisor of 5616072 and 11.
11
Calculate the highest common factor of 21868 and 42812.
308
What is the highest common divisor of 2106569 and 21430?
2143
Calculate the highest common divisor of 48 and 3350464.
16
Calculate the highest common factor of 2004 and 44196.
12
What is the greatest common divisor of 1503833 and 122?
61
What is the greatest common divisor of 29410 and 510?
170
Calculate the highest common divisor of 292248 and 17589.
1353
Calculate the highest common factor of 162 and 24262902.
162
What is the highest common divisor of 18 and 514866?
6
Calculate the highest common divisor of 680 and 115360.
40
What is the greatest common factor of 2503180 and 60?
20
Calculate the highest common divisor of 2687828 and 962.
962
Calculate the highest common factor of 26730 and 2607.
33
Calculate the greatest common factor of 9 and 169902.
9
Calculate the highest common divisor of 25625 and 15785.
205
Calculate the highest common factor of 285 and 2670.
15
What is the highest common divisor of 450970 and 390?
130
Calculate the greatest common divisor of 39606 and 15939.
483
What is the highest common factor of 499 and 1054387?
499
What is the highest common factor of 61 and 564189?
61
What is the greatest common divisor of 2152 and 7224?
8
What is the highest common divisor of 120 and 47496?
24
What is the highest common factor of 18020 and 4420?
340
What is the highest common divisor of 31 and 562123?
31
What is the highest common factor of 63440 and 10370?
610
Calculate the greatest common divisor of 117 and 449306.
13
Calculate the greatest common factor of 739053 and 18.
9
Calculate the greatest common factor of 16136 and 40.
8
Calculate the greatest common factor of 62988 and 1479.
87
What is the greatest common divisor of 41 and 20987?
1
Calculate the greatest common divisor of 180 and 2510.
10
What is the greatest common factor of 91 and 12271?
7
What is the highest common factor of 20028 and 624?
12
Calculate the highest common factor of 429 and 221507.
143
What is the highest common factor of 21 and 161748?
3
Calculate the highest common factor of 60 and 73785.
15
What is the highest common divisor of 7551 and 207?
9
What is the highest common factor of 611 and 265408?
13
Calculate the highest common divisor of 148806 and 63.
63
What is the highest common factor of 68 and 59194?
34
What is the greatest common divisor of 1495 and 18055?
115
Calculate the greatest common factor of 212380 and 143745.
1295
Calculate the greatest common factor of 2480 and 244880.
80
Calculate the highest common divisor of 32 and 145352.
8
What is the greatest common divisor of 130887 and 27?
9
What is the greatest common divisor of 47470 and 430?
10
What is the greatest common factor of 888 and 2272?
8
Calculate the highest common divisor of 12 and 6288.
12
What is the greatest common factor of 92272 and 1460?
292
What is the greatest common factor of 44044 and 24856?
52
Calculate the highest common divisor of 304 and 1136.
16
What is the greatest common factor of 4077 and 1016079?
453
Calculate the greatest common factor of 326448 and 144.
144
Calculate the greatest common divisor of 73 and 8.
1
What is the highest common divisor of 11968 and 10736?
176
Calculate the highest common factor of 161916 and 1030.
206
What is the greatest common factor of 25 and 1426435?
5
Calculate the greatest common factor of 8802614 and 662.
662
Calculate the greatest common factor of 516419 and 46.
23
Calculate the greatest common divisor of 607 and 144